
754
What is the greatest common divisor of 1007 and 13926221?
19
Calculate the highest common divisor of 2223831 and 645.
129
What is the greatest common factor of 553 and 149443273?
553
Calculate the highest common factor of 404022 and 71094.
1734
Calculate the greatest common factor of 171 and 5158937.
19
Calculate the highest common divisor of 668735 and 24095.
395
What is the highest common factor of 312 and 16006614?
78
What is the greatest common divisor of 766184842 and 4066?
4066
Calculate the highest common factor of 20394 and 123835767.
3399
What is the highest common divisor of 1610049 and 840?
21
Calculate the highest common factor of 7178488 and 544.
136
What is the highest common divisor of 2630 and 3525515?
1315
Calculate the highest common factor of 18311160 and 1540.
140
What is the greatest common factor of 2120 and 4365280?
40
What is the greatest common divisor of 1360888 and 64?
8
What is the greatest common divisor of 5546497 and 41551?
1123
What is the greatest common factor of 12 and 2279097?
3
What is the greatest common divisor of 38640 and 19560?
120
Calculate the highest common factor of 22160669 and 1102.
551
What is the greatest common divisor of 823436332 and 13098?
4366
What is the highest common divisor of 4128462 and 23524?
11762
What is the greatest common factor of 18 and 102743106?
6
Calculate the highest common divisor of 109227736 and 248.
8
What is the greatest common factor of 115408584 and 108?
108
What is the greatest common factor of 8127972 and 165240?
1836
Calculate the greatest common divisor of 121 and 421320911.
121
Calculate the greatest common divisor of 9762393 and 30.
3
What is the greatest common factor of 2140590 and 4215?
15
Calculate the greatest common divisor of 12934828 and 316.
316
Calculate the highest common divisor of 570 and 18240285.
285
What is the highest common divisor of 11275 and 373428?
451
What is the greatest common divisor of 135 and 903225?
15
Calculate the greatest common factor of 10886622 and 115194.
1578
What is the greatest common factor of 771753 and 190336?
1487
What is the highest common factor of 282336 and 986544?
816
Calculate the highest common factor of 33957 and 4812588.
99
Calculate the highest common factor of 5 and 45141905.
5
Calculate the highest common divisor of 538496826 and 336.
42
What is the highest common divisor of 5880 and 1066485?
735
What is the highest common factor of 379860 and 86580?
780
What is the highest common divisor of 2680523 and 1464?
61
What is the greatest common factor of 3819 and 254667?
201
What is the highest common divisor of 33809177 and 265?
53
Calculate the greatest common factor of 3113726 and 385.
77
What is the highest common divisor of 30 and 15316938?
6
Calculate the highest common factor of 36416682 and 1962.
1962
What is the greatest common factor of 856 and 83178376?
856
What is the greatest common divisor of 664 and 4305127?
83
What is the greatest common factor of 109150 and 576312?
4366
What is the highest common factor of 70872725 and 560?
35
Calculate the highest common factor of 7 and 1885925.
1
Calculate the greatest common divisor of 166884 and 15.
3
Calculate the greatest common divisor of 90460036 and 788.
788
What is the highest common divisor of 7125257 and 93?
31
Calculate the highest common divisor of 184950 and 2358.
18
What is the highest common divisor of 81 and 2462715?
9
What is the greatest common divisor of 144 and 30585408?
48
What is the highest common divisor of 150 and 3662800?
50
Calculate the greatest common divisor of 701787 and 12504.
1563
What is the highest common factor of 4415 and 2782333?
883
Calculate the highest common factor of 105 and 14193417.
21
What is the greatest common divisor of 2499768 and 324?
108
What is the highest common factor of 24 and 20302341?
3
Calculate the highest common factor of 239320 and 5123680.
1240
What is the greatest common divisor of 138 and 341405146?
46
What is the greatest common factor of 626 and 4322?
2
What is the highest common divisor of 31372 and 22286396?
1364
What is the greatest common divisor of 940 and 3787354?
94
What is the highest common factor of 1837012 and 2479706?
2602
What is the highest common divisor of 49725 and 11092500?
3825
What is the greatest common divisor of 29 and 2764888797?
29
Calculate the greatest common factor of 300 and 9518040.
60
What is the greatest common factor of 6783546 and 1848?
462
Calculate the highest common divisor of 7741671 and 63.
21
Calculate the highest common divisor of 52289591 and 2666.
1333
What is the greatest common divisor of 256 and 527448?
8
What is the greatest common divisor of 9282 and 2894164?
182
Calculate the highest common factor of 191 and 22452623.
191
What is the greatest common factor of 8722 and 2186037?
49
What is the greatest common divisor of 1400 and 55629350?
350
What is the highest common divisor of 4313706 and 322599?
1689
What is the highest common divisor of 10355800 and 637?
91
Calculate the highest common factor of 17610 and 25828.
1174
Calculate the greatest common divisor of 220684 and 1192.
4
What is the highest common divisor of 972 and 96143760?
324
What is the greatest common factor of 57398523 and 31736?
3967
What is the highest common divisor of 5024 and 3576896?
32
What is the greatest common factor of 311420100 and 14376?
7188
Calculate the highest common factor of 120652 and 15500.
124
What is the highest common divisor of 32951886 and 20554?
478
Calculate the highest common factor of 4849265 and 51760.
3235
Calculate the greatest common divisor of 10026 and 22209818.
1114
Calculate the highest common divisor of 1999302 and 918.
102
Calculate the highest common factor of 202 and 432146882.
202
Calculate the greatest common divisor of 15 and 4033825050.
15
Calculate the greatest common factor of 650432 and 3520.
64
Calculate the greatest common factor of 12016 and 3359974.
1502
Calculate the greatest common divisor of 584018 and 124066.
3026
What is the highest common divisor of 27474 and 1815222?
114
Calculate the greatest common divisor of 173314554 and 42.
42
What is the highest common factor of 104 and 16320320?
8
What is the greatest common factor of 251 and 26747564?
251
What is the greatest common factor of 245802 and 996201?
213
Calculate the greatest common factor of 10745979 and 58.
29
Calculate the highest common factor of 84 and 21096894.
42
What is the greatest common factor of 15076 and 74384?
4
Calculate the highest common factor of 802209989 and 5579.
5579
What is the greatest common divisor of 17 and 228761554?
17
What is the highest common divisor of 6660 and 922040?
740
Calculate the highest common divisor of 134919 and 65493.
171
Calculate the greatest common factor of 1971095 and 18395.
1415
Calculate the highest common divisor of 173781159 and 573.
573
What is the highest common factor of 90 and 100491105?
15
What is the greatest common divisor of 29629866 and 1756?
878
What is the greatest common divisor of 7760 and 3446480?
80
Calculate the greatest common factor of 7682211 and 4905.
981
What is the highest common factor of 1273230 and 314545?
1505
What is the greatest common divisor of 959067 and 801?
9
Calculate the greatest common factor of 947700 and 62730.
90
What is the highest common divisor of 124463462 and 2182?
2182
What is the greatest common divisor of 977010 and 303920?
290
What is the highest common divisor of 3859 and 988907?
17
Calculate the greatest common divisor of 100697 and 33633.
101
What is the greatest common factor of 707 and 16927903?
101
What is the highest common factor of 1317314 and 62?
62
What is the greatest common divisor of 282744888 and 690?
138
Calculate the highest common factor of 9320 and 37064708.
932
Calculate the greatest common factor of 1872 and 56364048.
1872
Calculate the greatest common divisor of 4346 and 22024468.
106
Calculate the highest common divisor of 624 and 116386400.
208
What is the greatest common divisor of 170 and 2991983?
17
Calculate the greatest common factor of 68007157 and 454.
227
What is the greatest common divisor of 17850 and 42481600?
350
What is the greatest common factor of 96 and 19005216?
96
What is the highest common factor of 29003 and 1162351